*u = -3*h - 5. Let m be 7 + 0 - 3/h. Let s be (-24)/m*(-5)/1. What is the highest common factor of s and 12?
12
Let i = 34 - -9. Suppose -11 = 4*u - i. Calculate the highest common factor of 72 and u.
8
Let d(s) = s**3 + 3*s**2 - 7*s - 8. Let i be d(-4). Suppose -i*u - 222 = -6*u. What is the highest common divisor of 74 and u?
37
Suppose 4*v + b = -43 + 10, -2*v = 2*b + 24. Let z be (-5)/35 + (-295)/v. What is the greatest common factor of z and 63?
21
Let m = -5 - -9. Suppose -3*h + 2*y = 4, h + 13 = 2*y + y. Suppose 0 = -b - u + 6*u + 55, 2*b - h*u = 86. What is the highest common factor of b and m?
4
Let n be (17*(-2 - 2))/(6/(-24)). Calculate the highest common factor of 34 and n.
34
Suppose k + 158 = 2*d, 1 - 7 = 3*k. Suppose 22 = n + 3*n + s, 3*s - 11 = -n. Suppose -6*t = -n*t - 13. Calculate the highest common divisor of t and d.
13
Let p be 1/6 + 1738/12. What is the greatest common factor of p and 58?
29
Let j = -85 - -145. Let y(p) = -4*p - 49. Let m be y(-16). Calculate the greatest common factor of m and j.
15
Let o(w) = 2*w**3 + 5*w**2 - 5*w - 8. Let x be o(2). Calculate the highest common factor of 63 and x.
9
Let o = -925 - -953. Calculate the highest common factor of 84 and o.
28
Suppose -16 = -k - 0*k + 3*v, 3*k + 2*v = 4. Suppose -4 = 3*l + 4*q, q = 5*l - q - 28. Let p = l + k. What is the greatest common divisor of p and 8?
8
Suppose 0 = 5*k + 2*h - 100, -4*k + h + 99 = 19. Suppose 4*n + 5*r = 550, -3*r - r = 3*n - 412. What is the highest common factor of n and k?
20
Suppose 0 = 4*o - 23 + 7. Calculate the greatest common factor of o and 6.
2
Suppose 292 = 26*z - 20. What is the greatest common factor of 6564 and z?
12
Let k be (-9)/(-18)*(163 + 1). Calculate the highest common factor of k and 41.
41
Let w = -326 + 327. Calculate the greatest common divisor of 29 and w.
1
Suppose -9*n + 261 = -6*n. Let s(i) = 35*i**3 - 4*i**2 + 1 - 68*i**3 + 4*i + 36*i**3. Let r be s(3). Calculate the greatest common factor of n and r.
29
Suppose r + 12 = 5*r. Suppose 7*y = q + r*y + 13, 0 = 5*y - 20. Suppose 0 = t - 3*c - 26 - 11, 5*c = q*t - 99. What is the highest common divisor of t and 4?
4
Let v be ((-6)/(-4))/(2/276). Let x = -167 + 190. What is the greatest common factor of v and x?
23
Let g(d) be the first derivative of d**2/2 - 11*d - 2. Let u be g(16). Suppose 0*z + 3*z = 135. Calculate the highest common factor of z and u.
5
Let w(u) = -u**2 + 11*u - 2. Let o be w(5). Suppose 47*g - 51*g + 280 = 0. Calculate the highest common divisor of o and g.
14
Suppose -91 = -4*r + 89. What is the greatest common divisor of r and 195?
15
Suppose 0 = x - 4*g + 55 + 28, x + 85 = 5*g. Let t be 8/36 + x/(-27). What is the greatest common factor of t and 1?
1
Let m be (-1 - 1) + 76/2. Let z be 2/(-8) + 38/(-8). Let w be (-18)/5*z*1. What is the greatest common divisor of w and m?
18
Let v(c) = 3*c**2 - c**2 - 10*c + 20 + 15*c. Let a be v(-8). Calculate the highest common factor of a and 72.
36
Suppose z - 8 = -z. Let j = z + 1. Suppose -414 = -10*n - 164. Calculate the greatest common factor of n and j.
5
Let z(u) = -6*u + 16. Let s = 15 - 8. Let r(v) = -7*v + 15. Let x(y) = s*r(y) - 6*z(y). Let w be x(-7). What is the greatest common factor of 25 and w?
25
Suppose 4*q + n - 73 = 0, q + 2*n - 9 = 11. Suppose -3*g = -o - 491, -5*g = o - 2*o - 815. What is the highest common divisor of g and q?
18
Let i = 41 + -5. Let d(r) = -134*r + 644. Let z be d(4). Calculate the greatest common divisor of z and i.
36
Suppose -3*o - 5*h - 215 = 0, -5*o + 10*h = 7*h + 381. Let w = o - -90. Calculate the highest common divisor of w and 255.
15
Let a = 84 - 36. Let d = 5014 + -4982. Calculate the highest common divisor of a and d.
16
Let s = 327 + -159. Suppose m + s = 8*m. What is the greatest common factor of m and 3?
3
Let a(j) = j - j**2 + 3*j - 2*j - 1 + 0. Let f be a(1). Let k(x) = x**2 - x + 264. Let i be k(f). What is the highest common divisor of 33 and i?
33
Let d(i) = 3*i**3 - 2*i**2 - 12*i + 7. Let x be d(5). Calculate the highest common divisor of x and 34.
34
Let j = -157 - -300. Let l = j - -118. What is the highest common factor of 29 and l?
29
Suppose -4*k = 4*w - 36, 2*w = -k - 12 + 33. What is the highest common factor of 372 and w?
12
Let u be 5/(2/(-14)*7/(-10)). Suppose 3*p - p = u. What is the greatest common factor of 15 and p?
5
Suppose 0 = x - 3*j - 15, -4*j - 20 = 2*x + 3*x. Let s be (1 - x)/(5/275). What is the greatest common factor of s and 22?
11
Let o(a) = -4*a + 101. Let y be o(-15). What is the highest common divisor of 46 and y?
23
Suppose 5*j + 1445 = 11420. What is the greatest common divisor of j and 21?
21
Suppose 8*t - 2842 = -962. Let z be (1 + -1)/2 + 350. Let s = z - t. What is the greatest common factor of s and 23?
23
Suppose -5*v + 5 = 0, c - v + 3 = 37. What is the greatest common factor of c and 7?
7
Let d be (2 - -1) + (26 - -4). Suppose 231 = 6*l - d. Let j be (-2 - -2 - 2) + 24. Calculate the greatest common divisor of l and j.
22
Let k be (-15 + (-360)/20)*10/(-6). Let m = 225 - 123. Suppose -18 = -j + s, -j = 4*j - 2*s - m. What is the highest common factor of j and k?
11
Let t be -20 + 19 - (-1 - 3). Suppose 0*l + 3 = t*l. Let i be 1*10*(2 - l). What is the highest common factor of i and 1?
1
Suppose 5*m - m = 500. Let r = m + -75. Suppose 60 = 4*f - f. What is the greatest common divisor of f and r?
10
Let y = -1 + -10. Let h be y/33 - (-188)/6. Calculate the highest common divisor of h and 124.
31
Suppose y - 3*z = 69 + 29, -5*y + 554 = z. Let d = -60 + y. Calculate the greatest common divisor of d and 20.
10
Suppose -40 = -3*m + 41. Let i be (-3 + (-4 - -7))/2. Suppose i = 3*z - 166 - 401. What is the highest common factor of m and z?
27
Let h = -977 + 1644. Calculate the highest common factor of h and 23.
23
Suppose -42 - 44 = -3*a - 2*f, -4*a + 2*f = -138. Calculate the highest common divisor of a and 56.
8
Suppose 0 = 36*y - 6405 - 3675. Calculate the greatest common factor of y and 480.
40
Let n(g) = 11*g - 9. Let c be n(6). Let t be 76*((-5)/(-20) + 0/(2 - 4)). Calculate the greatest common factor of c and t.
19
Let v = -142 - -312. Suppose 3*n - 51 = -0*n. What is the greatest common divisor of n and v?
17
Suppose 2*f + 90 = 4*f. Let t(u) = -2*u - 1. Let k be t(7). Let o = f + k. Calculate the greatest common factor of o and 15.
15
Let j(p) = p**3 - 2*p**2 - p + 2. Let g = -4 - -7. Let t be j(g). Suppose -v - v - t = 0, 2*v = b - 13. What is the highest common divisor of 1 and b?
1
Let d be (-23 - -25)/((-2)/(-75)). Calculate the highest common divisor of d and 3.
3
Let h be (6 - 2)/2 - (-1 - 0). Suppose -160 = -6*s + 3*s - 5*w, -h*s + 163 = 2*w. Calculate the highest common factor of 11 and s.
11
Suppose -2*v + 4*g = -91 - 225, -4*v + 692 = 4*g. Calculate the highest common factor of 392 and v.
56
Suppose -6*w + 268 = 76. Let u be (-3)/(0 - (-3)/2). Let d be u*(-3)/((-6)/(-160)). What is the highest common divisor of d and w?
32
Let c be 453/(-9) + 2/6. Let x = -35 - c. Let a(f) = f**2 + 3*f - 10. Let s be a(7). Calculate the greatest common divisor of s and x.
15
Suppose 0 = 2*j - 3*r - 24, 0 = -5*j - 10*r + 5*r + 35. What is the greatest common divisor of j and 39?
3
Suppose -t - 22 = -4*g + 4*t, -7 = -3*g - t. Suppose -2*k = -z + 1 - 0, g*k = 5*z - 19. What is the greatest common divisor of k and 10?
2
Suppose -550 = -79*x + 74*x. What is the highest common factor of 165 and x?
55
Suppose -2*v - 5*m + 386 = 0, 772 = 4*v - 0*m - 4*m. Let s = -104 + v. Let w = s - 49. Calculate the greatest common divisor of 5 and w.
5
Suppose -123*g - 1879 = -128*g - 3*h, 4*g - 1499 = -h. What is the highest common divisor of 68 and g?
34
Let c(w) = -w**3 + 9*w**2 - 5*w - 16. Let l be c(8). Calculate the greatest common factor of 2 and l.
2
Suppose 0 = 2*v + 9 + 3. Suppose -3*s = -s + 32. Let w = v - s. What is the greatest common factor of 90 and w?
10
Let r be (1 + 0)/((-3)/(-15)). Let b = 966 + -964. What is the highest common divisor of b and r?
1
Let f be (-39)/(-234) + 269/6. What is the greatest common divisor of f and 65?
5
Suppose d - 2*z - 6 = -d, 2*z = d. Suppose -d*v - v + 273 = 0. What is the greatest common divisor of v and 26?
13
Let s be 508/14 + 6/(-21). Let c = 6 + -22. Let m = s + c. What i